units digit of ((-24)/r)/((-1)/(-15))?
9
Suppose 4*v - 8 = 5*v + 5*o, 4*v + 4*o - 16 = 0. Let i be 9*(-1 + (-4)/(-3)). Let a = v - i. What is the units digit of a?
4
Let i(g) = -4*g**2 - 5*g - 1. Let k(x) = 19*x**2 + 26*x + 5. Let w(d) = -11*i(d) - 2*k(d). What is the units digit of w(-3)?
6
Let k be (-4)/(-26) + (-2036)/52. What is the tens digit of (-1 + 2)/((-3)/k)?
1
Suppose 5*r = 34 - 9, 5*v + 2*r = 1060. What is the tens digit of v?
1
Let l = 8 - 4. What is the units digit of 14/l*(-1 + 3)?
7
Let u(c) = -6*c - 3. Let i(b) = b**2 - b - 2. Let d be i(0). What is the units digit of u(d)?
9
Suppose -3*d - 3 = -18. Let p = 1 + d. What is the units digit of p?
6
Let i = -5 - -7. Suppose t + 12 = -2*b - 3*b, -75 = -5*t + i*b. What is the tens digit of t?
1
Let v = -56 + 118. What is the tens digit of v?
6
Let u(a) = 13*a - a**2 + 7*a**2 - 7*a**2 - 10. What is the tens digit of u(11)?
1
Suppose -4*w + 18 = -3*m, -m - 1 = 1. Let a(c) = -c**3 + 5*c**2 - 2*c - 4. What is the units digit of a(w)?
8
Suppose b + b = 18. Let c(f) = -6*f - 4*f**3 + 3*f**3 + b*f**2 - 3*f + 10. What is the units digit of c(8)?
2
Suppose 4*y - 3*w = -32, 0*w - 2*w = 0. Let z = y - -5. Let k = z + 4. What is the units digit of k?
1
Let j = 85 - -54. What is the hundreds digit of j?
1
Suppose f + 2*f - 165 = 5*b, 0 = -4*f + 2*b + 234. What is the units digit of f?
0
Let b(n) = n**3 - 9*n**2 + 2*n - 9. Let j = -63 + 96. Suppose -4*c + s = -j, 2*c = -0*c - 2*s + 24. What is the units digit of b(c)?
9
Suppose 0 = r - 2, 5*r - 6 = -h - 0*r. Let f(p) = p**3 + 6*p**2 + 5*p - 1. Let y be f(h). Suppose 2*z = 5 + y. What is the units digit of z?
8
Let b(t) = -t - 4. Let q be b(-5). Let h be (-1 + 1)/(3/(-3)). Let z = q - h. What is the units digit of z?
1
Let y = -286 - -556. What is the tens digit of y?
7
Suppose 0 = -4*f + 8*f - 28. What is the units digit of f?
7
Suppose 70 = 4*n - 150. What is the units digit of n?
5
What is the units digit of 4/(-16) + 258/8?
2
Let t(x) = 2 - 2 + 1 - 2 + x. Let l be t(5). Suppose l*u - 3*u - 3 = 0. What is the units digit of u?
3
Let g be (1/(-1) - 1)/(-1). Suppose 2*u = -g*u. Suppose 4*h - q - 50 = u, -3*h - q - 3*q + 28 = 0. What is the tens digit of h?
1
Suppose -34 = -4*l + 5*z, 0 = 3*l - 3*z + 5 - 32. Suppose 5*j - 3*u - 75 + 18 = 0, j - u - l = 0. What is the units digit of j?
2
What is the tens digit of 48/2 - (-2 - -3)?
2
Suppose -5*d + 4*d = -9. Suppose r = 2 + d. What is the tens digit of r?
1
Suppose 0 = -2*r + 5*z + 24, 13 = r - 0*z - 2*z. What is the tens digit of r?
1
Let y(b) = -b**3 - 20*b**2 + 33*b + 51. What is the tens digit of y(-22)?
9
Suppose 0 = -5*c + 3*c + 120. Let o = c - 43. What is the units digit of o?
7
Let t be 3 - 11 - 3 - -2. What is the tens digit of t/6*-14*1?
2
Suppose z + 5*k + 12 = 0, 0 = 4*z + z - 2*k - 21. What is the tens digit of 29/3 - (-1)/z?
1
Let o = -15 + 16. What is the tens digit of ((-12)/o)/((-20)/30)?
1
Let g be 7/((-21)/(-2))*12. Suppose 4*b + i - 78 = 0, -3*i + 7*i - g = 0. What is the units digit of b?
9
Let o be (-8)/28 - (-1460)/14. Suppose c = -0*x - 3*x + o, -134 = -4*x + c. Suppose a - 5 = f, -5*a = -3*f - x + 9. What is the units digit of a?
5
Let q be (-2)/(1 + 18/(-15)). Suppose -14 - q = -4*z. What is the units digit of z?
6
Let v(t) be the first derivative of t**4/4 + 8*t**3/3 - t**2 - 3*t + 6. What is the tens digit of v(-8)?
1
Suppose 4*i = 3*i + 38. What is the units digit of i?
8
Let r be 0*(0 - (-3)/(-9)). Let v be -3*(r - 20/3). Suppose 2*c + 4*h + 6 = -0*c, v = -4*h. What is the units digit of c?
7
Let y(l) be the second derivative of -l**3/6 + 21*l**2/2 + 4*l. What is the tens digit of y(11)?
1
Let z = 11 + -8. Suppose 2*p + z*p = 20. What is the units digit of p/16 - 19/(-4)?
5
Let o = 29 + -7. What is the tens digit of o?
2
Let i be -1 - (-2 - 0) - 3. Let h = i - 3. What is the units digit of (h/2*2)/(-1)?
5
Let l = 355 - 131. What is the tens digit of l?
2
Let r = 29 - -9. Suppose 3*a + 2*v = r, 18 = a + v + v. What is the tens digit of a?
1
Let h(d) = d**2 - 3. Let o be h(3). Suppose -14 = 3*a - 4*r, -3*a - 12 = -a - 4*r. Let k = o - a. What is the units digit of k?
8
Suppose -n + 530 = 4*n. Suppose 5*r + 11 = n. What is the units digit of r?
9
Let y(k) = -k**2 - 9*k + 6. Let g be y(-9). Suppose 0 = 2*s + s - g. What is the units digit of s?
2
Let x(b) = b**3 + 7*b**2 - b + 6. Let l be x(-7). Let c = l + 1. What is the units digit of c?
4
Suppose -6*n + 389 + 49 = 0. What is the units digit of n?
3
What is the tens digit of ((-42)/4)/((-3)/16)?
5
Suppose -14 = g - 2*g. Let c be (-4)/(-2 + 20/8). Let x = c + g. What is the units digit of x?
6
Suppose 6*b = -5*b + 2761. What is the units digit of b?
1
Suppose 0 = 5*o - 25, 2*b - 2 + 38 = 4*o. Let f = 13 + b. Let h = -3 + f. What is the units digit of h?
2
Let j be (-54)/(-8) - 1/(-4). What is the units digit of 4/(-14) + 51/j?
7
Suppose 2*i = -1 - 1, 2*j + 51 = -3*i. Let x be j/10*20/(-6). Let q = x + -3. What is the units digit of q?
5
Let j(y) = -y**3 - 3*y**2 - 5*y - 4. Let i be j(-3). Suppose 4*g = -3*n + i, 2*n - 4*g + 46 - 20 = 0. What is the units digit of 21*((-4)/n - 1)?
7
Let t = 124 - 60. What is the tens digit of t?
6
Suppose -5*l + l - 36 = 4*t, -6 = 3*t - 4*l. Suppose o + 5*k - 13 = 0, 41 = 5*o - k + 2*k. Let x = t + o. What is the units digit of x?
2
Let k be (-4)/(-6)*(-9)/(-2). Suppose -2*j + x - 1 = 0, 3 = -j + x - 0. What is the units digit of j - k/(1 - 2)?
5
Let g(a) = 5*a - 6. Let u = 3 - -1. What is the units digit of g(u)?
4
Suppose 4*y + 6 = 74. What is the tens digit of y?
1
Let m(o) = 9*o**2 + 2*o + 20. Let c(a) = 5*a**2 + a + 10. Let p(d) = -7*c(d) + 4*m(d). What is the tens digit of p(0)?
1
Let l = -2 + 6. Let d(k) = k**3 - 5*k**2 - 4*k - 7. Let c be d(6). Suppose c*v + 2*b - 18 = 0, v = -4*v + l*b - 6. What is the units digit of v?
2
Suppose 6*r = r + 5, -2*o - 2*r + 166 = 0. What is the units digit of o?
2
Suppose 0 = -5*f + 9 + 6. Suppose -2 = f*p - p. What is the units digit of (p/2)/((-2)/4)?
1
What is the hundreds digit of (-10)/45 - ((-1352)/9 - 1)?
1
Suppose 0 = -2*l + 2 + 4. Let t(s) = s**2 + 8*s + 15. Let m be t(-6). Suppose -4*y - m*a = -20 - l, 0 = 2*y + 2*a - 10. What is the units digit of y?
8
Let s = -4 + 6. Let g be (-4)/s - (-3 - -4). What is the tens digit of 1/(g/(-135)*3)?
1
Let z be 2*14/(-4)*1. Let d(m) = m**2 + 3*m - 2. Let w be d(-3). Let n = w - z. What is the units digit of n?
5
Suppose -2*i = 0, -i - 470 = -r - 2*i. Suppose 4*f - r + 1414 = 0. What is the tens digit of f/(-12) - (-2)/(-3)?
1
Let q = 0 + 4. What is the units digit of q?
4
Let j(n) = n**2 - 4*n + 7. Let a be j(5). What is the units digit of 78*(28/a - 2)?
6
Suppose -4*s + 4 = -28. Suppose 0 = 3*v + s - 20. Suppose 0 = 2*k - 4*h - 30, 0 = -k + 4*k + v*h - 15. What is the units digit of k?
9
Suppose i - 4*t = -2*i + 11, -4*i + 3*t + 17 = 0. What is the units digit of 11/i - 2/10?
2
Let b = 4 - 1. What is the units digit of 1*(b/1 - 1)?
2
Suppose -5*y - 3*q + 235 = 2*q, -2*y + 88 = -4*q. Suppose 2 = 2*k - 4*j - y, 120 = 5*k + 3*j. What is the units digit of k?
4
Suppose 68 - 3 = 5*c. Let n = -15 - -9. Let a = c + n. What is the units digit of a?
7
Let d = -1 + 22. What is the units digit of (-20)/(-3) - 14/d?
6
Suppose 8 = 3*c + 4*b, -2 = -c - b - 1. What is the units digit of 21/(-7)*c/3?
4
Suppose -4*n - n = -5*v + 25, 0 = 3*n + 15. Let q = 10 + -11. Let o = v - q. What is the units digit of o?
1
Let q(h) = -7*h - 9. Let r be q(-6). Let x = 51 - r. What is the tens digit of x?
1
Let b be (-3)/(-2)*(-56)/(-21). Suppose -6 = b*t - 70. What is the units digit of t?
6
Let k(p) = p**2 - 2*p - 1. Let l be k(-1). Suppose 5*a = l*a + 6. Suppose 0 = a*v - 3*f + 5, -v - 9 = -2*f - 4. What is the units digit of v?
5
Let z(q) = 4*q**3 - 3*q**2 + q + 8. What is the units digit of z(3)?
2
Let k(n) = -2 - 23*n + 25*n + n**2 + n**2. Let t be k(-2). Suppose -5*f + t = -3. What is the units digit of f?
1
Let u be (3 + -1)/((-7)/14). What is the units digit of (-12)/(-9) - u/6?
2
Suppose 0 = -3*i + 170 + 376. What is the units digit of i?
2
Suppose 0 = 2*x + 6, 0 = -3*o - 5*x + 8 - 2. Suppose -u + 22 = 3*b, 3*b - 31 = -5*u + o. Let f(v) = v**3 - 5*v**2 - 5*v. What is the units digit of f(b)?
6
Suppose -2*p + 191 = 5*